**2 - 14*r - 16. Let d be n(-13). Let j = d - -5287. Let k = j - -502. Is k a prime number?
True
Suppose -2*u - 2 = 3*p, 3*p - 2 = -0*p + 2*u. Suppose 109*y - 90*y - 516515 = p. Is y composite?
True
Let u = -1433625 - -765573. Is 6/(-45)*-3 + u/(-20) prime?
True
Suppose -77*k - 175 = -84*k. Is (k*2/(-40))/((-2)/1192) prime?
False
Suppose 16*r = 5*r + 187. Suppose 2*a + 16890 = 8*a. Suppose 12*i = r*i - a. Is i a prime number?
True
Let n = 621805 - 383826. Is n composite?
True
Let s = 89384 - 49341. Is s a composite number?
True
Let h be (-168)/(-20) + -3 - 6/15. Let f be 1/(2/30*h). Suppose 0*i = f*i - 435. Is i composite?
True
Let u(l) = -l**3 + 3*l**2 + l + 1. Let o(z) = -6*z**3 - 18*z**2 - 22*z + 9. Let d(b) = -o(b) - 6*u(b). Is d(8) prime?
True
Suppose -5*m - 14*f + 18*f + 312307 = 0, -2*f + 249830 = 4*m. Is m composite?
False
Let f(x) = -x**2 + 6*x + 10. Let h be f(7). Suppose h*v - 49136 = -v. Suppose 0 = 5*l - 9*l + v. Is l prime?
False
Is (110/15)/22*590847 a prime number?
False
Suppose 0 = 5*w - k - 6829, 4*w = -3*k - k + 5468. Let a = w - -2091. Is a prime?
True
Let n(k) = 53*k**2 - 3*k + 1. Let d be n(4). Suppose 3358 = 4*z - b, -8*z + d = -7*z + b. Is z prime?
True
Let l(p) = -p**3 - 15*p**2 + 318*p - 143. Is l(-72) a prime number?
True
Let p = -1266 + 1308. Let v(h) = 2*h - 5. Let s be v(-13). Let x = s + p. Is x a prime number?
True
Suppose p = s + 44, -2*p - 5*s = -5 - 48. Suppose -p*c = -36*c - 138. Is (0 + c/(-3))/((-18)/999) a composite number?
True
Let o(g) = 94*g**3 - 7*g**2 + 2*g + 5. Let q be o(3). Suppose 2*u = -5*n + 6244, -q = -2*n + 2*u + 3*u. Let s = n + -637. Is s composite?
True
Let i = -8 - -12. Suppose 2*m - 8 = i*g, -4*m + 12 = m - 2*g. Suppose -c - o = -0*c - 297, m*c + 5*o - 606 = 0. Is c composite?
False
Suppose 4*t + 5*q = 93443, 5*t - 135127 = 3*q - 18277. Let f = t - 10076. Is f a prime number?
True
Let v(q) be the second derivative of 107*q**3/6 - 25*q**2/2 + 7*q - 2. Is v(8) prime?
False
Suppose 3*y = 97*g - 93*g - 127059, -4*g = 2*y - 127074. Is g a prime number?
False
Suppose 576279 + 2839003 = 26*j. Is j prime?
True
Let l(x) = -11630*x**3 - 3*x**2 + 2*x + 12. Let v be l(-2). Suppose -626*j + 620*j = -v. Is j a prime number?
False
Let k be (-130584)/42 - (-12)/(-14). Let w = 8223 + k. Is w prime?
True
Suppose 11670 = -2*j - 3*j. Suppose -t + 3*f - f - 159 = 0, 3*t - 3*f + 471 = 0. Let s = t - j. Is s a prime number?
True
Suppose 711 = 12*v - 225. Is 52/v - (-39650)/6 a composite number?
True
Let z = -1611 - -868. Let g = 1374 + z. Is g composite?
False
Let q(f) = 3 + f**2 + 8*f + f**2 + 6 - 3. Let n be q(-3). Suppose n = 12*c - 15*c + 2613. Is c a composite number?
True
Let r be (-1)/4 + 40607/28. Suppose 0 = 2*o - 3*y + r, -y = -2*y. Let u = 1048 + o. Is u composite?
True
Suppose 4*b + 1 - 7 = 3*q, -4*b + 2 = -5*q. Suppose 0 = 4*z + j - 3*j + 24, -b*j + 11 = -z. Is -1 - z - -1*107 a composite number?
True
Suppose -18*p + 284407 = -11531. Is p composite?
True
Let n be (-25)/20 - 452/(-16). Let c(t) = 27*t**2 - 158*t - 22. Is c(n) composite?
True
Let o be -5*1 + -3 + 6. Let y be (30/4)/(o/(-12)). Suppose -5*f + 2*q + 151 = 0, 2*f - 23 = -3*q + y. Is f a prime number?
True
Suppose -5*m + 29 = -2*z, 3*m - m = -5*z. Suppose 3*g + 2*s = 181657 - 55526, -m*g = 4*s - 210215. Is g composite?
True
Let f(j) = -j + 4. Let m(n) = 4*n - 21. Let x(o) = -11*f(o) - 2*m(o). Let k be x(2). Suppose 2*r - 1454 = 3*z, -z - 380 - 2548 = -k*r. Is r a prime number?
True
Let b(w) = 9*w**3 - 42*w**2 - 245*w + 43. Is b(45) a composite number?
False
Let m be 6/(-63) + 561/(-63). Is (563 - 1)/((-6)/m + 0) a composite number?
True
Suppose -3*l - 9 = 0, 3*k - k + 2*l + 16 = 0. Let a(m) = 89*m**2 - 15*m + 59. Let w(o) = -133*o**2 + 22*o - 85. Let j(s) = -7*a(s) - 5*w(s). Is j(k) prime?
True
Let i(x) = 3*x**3 - 46*x**2 + 26*x + 118. Is i(33) a prime number?
True
Let i be 10/3*-3*(-4)/10. Let q = 4 + i. Let x(p) = 8*p - 33. Is x(q) a prime number?
True
Suppose -667 = -3*r + 902. Let h(x) = r + 346*x + 210*x - 526. Is h(5) a prime number?
True
Let v = 7758 - -16769. Is v composite?
False
Suppose z = -3*o + 3, 0*z - 3*z = -o - 19. Suppose -1281 = -d - z*d. Let k = -86 + d. Is k prime?
True
Suppose 4 = 182*t - 181*t. Suppose 5257 = t*i - 1267. Is i prime?
False
Suppose 4*f + 6 = -5*y, y - 2*f = 6*y - 2. Is y/2 + 3 + -8 - -12201 a composite number?
False
Let o be ((-36)/16)/(9/5592). Let v = 1733 - o. Is v a prime number?
False
Let z(h) = -1207*h - 54. Let t be z(-4). Suppose 3*s = 3*o + t + 1271, 5*s - 10105 = -5*o. Is s composite?
True
Suppose 3*k = 4*g - 3255, 19*g - 22*g + 4*k + 2443 = 0. Let d = 2110 + g. Is d prime?
False
Suppose 10*l + l - 88 = 0. Is -71*(1 + (-6 - l)) a composite number?
True
Let c(v) = 1676*v + 96. Let b be c(12). Suppose -4*n + 13 = -3. Suppose h = -5*d + 9513, n*d + 27473 = 5*h - b. Is h a prime number?
True
Let m(u) = -u**2 + 3*u - 8. Let v be m(0). Let g be (2/(-8))/(v/64). Suppose -g*z + 5*z = 66. Is z a composite number?
True
Suppose -25*y - 6143 + 2143 = 0. Is (-1*(-7589)/2)/((-16)/y) a composite number?
True
Let y(z) = -3762*z + 346. Let w(o) = 1254*o - 117. Let g(q) = 11*w(q) + 4*y(q). Is g(-16) a prime number?
True
Suppose -28*h = -f - 24*h - 11, f + 4*h - 13 = 0. Is (20/(-40))/(f/(-11962)) a prime number?
True
Suppose 12*k - 4*n = 14*k - 22, k - 2*n = 23. Suppose -k*z = -14*z - 27915. Is z a prime number?
False
Let v(q) = -q**3 + 5*q**2 + 6*q - 7. Let y be v(3). Suppose 0 = y*o - 30*o + 7241. Is o prime?
False
Suppose 159 = 5*z + 4*i + 2, -4*z + 3*i + 138 = 0. Suppose -z*q + 80590 = -23*q. Is q a prime number?
True
Let w = -219163 - -390612. Is w a composite number?
False
Let a be 10 - -3 - (-3 + 2)/(-1). Suppose 2*g = -a + 2. Let j(p) = p**3 + 6*p**2 + 3*p + 4. Is j(g) a composite number?
True
Let z(f) be the third derivative of 13*f**6/24 + f**5/30 + 5*f**4/24 + 5*f**3/6 + 113*f**2. Is z(3) a prime number?
False
Suppose 5*n - 2325205 = -4*k, -k - 714195 = -2*n + 215874. Is n composite?
True
Suppose -53*r - 3*z - 645835 = -58*r, 2*r - 4*z = 258334. Is r a prime number?
False
Let h(f) be the third derivative of -19*f**4/12 - 13*f**3/6 + 14*f**2. Let b be h(4). Let i = -62 - b. Is i composite?
False
Suppose 3*t - 327097 = -4*r, -81*t + 2*r = -85*t + 436116. Is t prime?
False
Let q = 170120 + 2065749. Is q a prime number?
True
Let n be 6295 + (-7 - -7) - -6. Let k = 13920 - n. Is k prime?
False
Is -1*(-464108)/12*3 a prime number?
True
Let l(v) = 89346*v - 3857. Is l(8) a prime number?
True
Suppose -3*f + x - 4*x - 9 = 0, -f + 17 = 5*x. Is -6 - (f + 3) - -450 a prime number?
True
Let t = 34 - 76. Is 4/28 + (795240/t)/(-5) composite?
True
Suppose 2*t - 5*a + 24917 = 3*t, 5*a = 2*t - 49804. Is t prime?
True
Let x(o) = o**3 + 17*o - 54. Let a be x(4). Let w = 341 - a. Is w prime?
True
Suppose -2394843 = -13*u + 1920202 - 865092. Is u prime?
True
Let g(h) = h**3 - 19*h**2 - 64*h - 46. Let u be g(22). Is (u/(-5))/((-8)/(-67780)) prime?
True
Let z = 1033 + 5575. Let t = z - 1093. Is t a prime number?
False
Let q(n) = 132*n + 32. Let k be q(19). Let y = k - 1741. Suppose -2*x + 8 = 0, -3*a - 5*x + 4*x = -y. Is a composite?
True
Suppose -2*z + 120 = 10*z. Suppose -z*h = -7*h - 56955. Is h composite?
True
Suppose 0 = 2218*h - 2207*h - 4922291. Is h a composite number?
False
Suppose -12*o + 297016 + 136431 - 105187 = 0. Is o composite?
True
Suppose -2*w - 4*l + 20034 = 0, 5*w = 2*l + 3*l + 50085. Suppose 2*o = 4*c + 7246, 5*o - c = w + 8062. Let x = -1888 + o. Is x a composite number?
True
Let r(y) = -23*y - 7. Let x(t) = 5*t**2 + 2*t + 2. Let k be x(-2). Let v be (2*2)/((-12)/k). Is r(v) prime?
True
Is 3749772/44 + 12/(-132) a composite number?
True
Suppose -5*h = 5*s + 8 + 7, -2*h - 9 = 3*s. Suppose 4*f + 5*j + 33 = h, -7*j = 5*f - 6*j + 15. Is (-30918)/(-9) - f - 1/3 composite?
True
Suppose -8*q = -3*g - 819433 + 40494, 2*q + 2*g = 194732. Is q a composite number?
False
Let s = -643 - -648. Suppose -6*w + 2*w = s*i - 75581, 3*i = -9. Is w a prime number?
True
Suppose 0*u = 9*u - 10*u. Suppose 0 = 5*s, 3*y + 2*s + 1685 - 572 = u. Is (3 + 2)*y/(-5) composite?
True
Let x = 93 - 92. Let t be (4 + -5 + 4)*x. Suppose 4533 = t*n + r - 5307, 3*r = 3*n - 9852. Is n prime?
False
Let l = -54 + 57. Suppose l*m - m - 6 